. Suppose 7*z - t = 204. Calculate the highest common divisor of 23 and z.
23
Let d = 39 + -59. Let v be 23 + -1 - (d - -23). Suppose 29 + v = b. Calculate the highest common divisor of 12 and b.
12
Suppose -3470 = -430*t + 405*t + 10505. What is the highest common divisor of t and 39?
13
Suppose 0 = 5*w - 10*w + 690. Let v(h) = -14*h + 639. Let n be v(21). Calculate the highest common factor of n and w.
69
Suppose -4*u + 24 = -0*u. Let i be 4/(4 + -1 + -5) - -42. Let g be 1912/i - (1 + -2)/5. Calculate the highest common factor of u and g.
6
Let r be (680/12)/((-16)/(-24)). Suppose -19 = -2*z + 15. What is the greatest common factor of r and z?
17
Let w(a) = -a**3 + 44*a**2 - 85*a + 60. Let t = 54 + -12. Let f be w(t). What is the highest common factor of f and 54?
18
Let j = 336 + -325. Suppose 493 = 8*x - j. Calculate the greatest common divisor of 84 and x.
21
Suppose 28*j + 50*j + 6*j - 655 = 101. Let m = -10 + 17. Suppose -2*g - 855 = -m*g. Calculate the greatest common divisor of g and j.
9
Let s be ((-91)/3)/((-1883)/807). What is the highest common factor of s and 35971?
13
Suppose 5*f = 4*v + 220, f + v + 187 = 5*f. Suppose 0*h - 3*h = f. Let o = 33 + h. Calculate the greatest common divisor of 153 and o.
17
Let r(u) = -6*u + 27. Let j be r(11). Let s = j + 31. Let k be (-4)/((-7)/((-42)/s)) + 36. Calculate the highest common factor of k and 429.
39
Let p(u) = u**2 - 4*u - 201. Let r be p(27). Let q = -414 + r. Let i = -37 - -67. What is the highest common factor of q and i?
6
Let d(x) = -2*x**2 + 17*x + 1131. Let o be d(27). Calculate the highest common divisor of o and 4059.
33
Let o = -44 - -45. Suppose 2*n - 7 = -v - 3, -v - n = -o. Let g be (-1)/2 - 39/v - 3. Calculate the greatest common divisor of 8 and g.
8
Suppose 1315 = 9*h - 1205. Suppose -180*y + 176*y = -h. What is the greatest common divisor of 5 and y?
5
Suppose 9*f - 17035 = 27029. Calculate the greatest common factor of f and 102.
102
Suppose 64 = -6*g + 88. Let o be (g/8)/(4 - 55/14). Calculate the greatest common factor of o and 3.
1
Suppose -b + 207 = -69. Let i be ((-54)/4)/(-3) + b/184. What is the greatest common divisor of 22 and i?
2
Let c = -3000 - -3376. Calculate the highest common divisor of c and 141.
47
Let c be (-1)/5 - 384/(-20). Let i(a) = -14*a + 1. Let v be i(-4). Let n be v/1*(-4)/(-6). Calculate the greatest common divisor of c and n.
19
Let t(g) = 3*g - 29*g - 250 - 11*g + 27. Let f be t(-35). Calculate the greatest common divisor of f and 67.
67
Let w(r) = 29*r + 901. Let y be w(-27). What is the highest common factor of 2 and y?
2
Let t = -28 + 14. Let n be (-340)/t - 4/14. Let r(l) = 2506*l + 35096. Let w be r(-14). Calculate the highest common factor of n and w.
12
Let w(p) = -p**3 + 12*p**2 + 49*p + 465. Let m be w(-10). What is the highest common factor of m and 75?
75
Suppose -12*q - 30 = 2*r - 10*q, -2*q - 50 = 4*r. Let l be 8 + (-12)/30*r. Calculate the highest common divisor of 708 and l.
12
Suppose 9*c = 2*c. Suppose 3*u + 3*v = 5*u + 50, -u - 3*v - 7 = c. Let h = 7 - u. Calculate the highest common factor of h and 13.
13
Let w be (7 + 138/(-2))/(-2). Let p = -20 + w. Calculate the greatest common factor of 319 and p.
11
Let p(i) = -136*i + 91. Let k be p(-65). What is the highest common divisor of 39 and k?
39
Let c(v) = -v**2 - 7*v - 8. Let r be c(-5). Suppose r*d = 5*m - 7*m + 44, 4*m = 5*d + 79. Calculate the greatest common divisor of 567 and m.
21
Suppose -27 = -5*p + 4*y, 5*y + 9 = -3*p + p. Suppose 92 = 4*o + 4*z, 39*o + 19 = 40*o + p*z. What is the greatest common factor of 1175 and o?
25
Let s(w) = -w**2 - 794*w + 3204. Let k be s(4). What is the highest common factor of 79428 and k?
12
Let t = -367 + 409. Let l be (-50)/((-4)/2)*t. What is the greatest common factor of l and 42?
42
Let k(z) = -39*z**3 + 2*z**2 - 15*z - 35. Suppose -5*q = -2 + 12. Let t be k(q). Calculate the highest common factor of 35 and t.
35
Let w(n) = -n**2 - 27*n + 1998. Let g be w(-60). Calculate the greatest common divisor of g and 7443.
9
Suppose 0 = 154*i - 142*i - 1680. What is the greatest common factor of 3220 and i?
140
Suppose -418249 - 1303783 = -174*a - 47*a. What is the greatest common factor of 16 and a?
16
Let k(p) = 18*p**2 - 101*p + 1579. Let r be k(12). Calculate the greatest common factor of 44 and r.
11
Let x(m) = -m**2 - 182*m - 4645. Let d be x(-31). Calculate the greatest common factor of d and 88.
4
Let n = -1816 - -1856. Calculate the greatest common divisor of 95 and n.
5
Let h = 891 - -265. Suppose 2*v = 2*d - h - 258, -d + 697 = -3*v. Calculate the greatest common divisor of d and 8.
8
Let r(c) = 4*c**2 - c + 2. Let g be r(1). Suppose -4*v - 4*x = -8*v + 136, v = -g*x + 46. What is the greatest common divisor of 18 and v?
18
Suppose 5*i + 2*v = 263, 0 = -3*i - v + 148 + 11. Suppose -497 + 57 = -2*s. What is the greatest common divisor of i and s?
55
Suppose -29313 = 48*o - 58*o + 10807. What is the highest common divisor of o and 2832?
236
Suppose -4*w = 5*n - 317, 4*w + 384 - 116 = 4*n. Let j be 13/(n/200) + -4. What is the highest common factor of j and 18?
18
Let c be 16/(16/3) + 2 + 2*137. What is the highest common factor of c and 217?
31
Let k be (-48)/(-26) - (100/(-65))/10. Let w(y) = 18*y**2 + 27*y - 59. Let v be w(k). Calculate the highest common factor of v and 335.
67
Suppose 2776 = -0*v + 3*v + l, 0 = -4*v - l + 3701. Calculate the greatest common divisor of 125 and v.
25
Suppose 3*j - 4*j + 20 = 3*f, 4*j = 5*f - 5. Suppose -y + 179 = -3*p, -6*y + 5*y + 219 = f*p. What is the highest common factor of y and 291?
97
Let q(l) = -23*l**2 - 26*l - 16. Let t(f) = 6*f**2 + 7*f + 4. Let r(u) = -6*q(u) - 22*t(u). Let a be r(-2). Calculate the greatest common factor of a and 364.
28
Let r(g) = -10*g**2 + 239*g - 6. Let o be r(23). Calculate the greatest common factor of o and 670.
67
Suppose 0 = -2*j - 5*d + 121, j + d - 44 = 4*d. Let b be (-51)/((-4)/((-16)/(-4))*-1). Let u = b + j. Calculate the highest common divisor of 10 and u.
2
Let j(n) = 12 + 8*n - 2*n - 2*n**2 + 7*n - 2*n. Let t be j(6). Calculate the highest common divisor of t and 87.
3
Let r = -1116 - -1126. What is the highest common divisor of r and 1210?
10
Suppose 5*z + 2*g - 10 = -g, 2*z - 25 = 3*g. Suppose -18*v + 690 = z*v. Calculate the greatest common factor of v and 10.
10
Let k be (14*23/(-2))/(50 - 71791/1435). What is the highest common divisor of 70 and k?
35
Let j be (-11428)/(-16) + 15/(-12). Calculate the highest common divisor of 23 and j.
23
Let y = 46 + -44. Suppose y*g + 65 = 839. What is the greatest common factor of g and 43?
43
Let b = -8 + 18. Suppose -2*q + 19 = -5*s - 22, 0 = 2*q + 3*s - 1. Suppose 0 = -2*g + o, q*o = g + 7*o + 2. What is the greatest common divisor of g and b?
2
Let o be (17/(-4) - (-115)/92)/(6/(-34166)). Calculate the greatest common factor of o and 11.
11
Let c = -35 + 74. Let y(w) = w**3 + 71*w**2 + 136*w - 21. Let g be y(-69). Calculate the highest common divisor of g and c.
39
Let d be 42 + 11 - 72/9. Calculate the highest common divisor of 1305 and d.
45
Let z be ((-30975)/90)/59*-6. What is the greatest common factor of z and 161?
7
Let k(q) = -q**2 - 49*q - 176. Let j be k(-4). Suppose -5*z = j*m - 165, 11*m = 2*z + 12*m - 66. What is the highest common factor of 12 and z?
3
Let z be 2 - -5*(-4 + -40). Let s = 700 - z. What is the highest common divisor of s and 54?
54
Suppose -4*x = -961 + 1297. Let m be -12*28*(-5)/(-6). Let s be (-1 + (-17)/(-5))/(x/m). Calculate the highest common divisor of s and 20.
4
Let k(a) = -a**3 - 69*a**2 - 2*a + 214. Let d be k(-69). What is the highest common factor of d and 208?
16
Let n be ((-84)/(-8))/3*80. Suppose n = -18*o + 19*o. Calculate the highest common factor of 14 and o.
14
Let q(z) = z**3 - 33*z**2 + 85*z - 25. Let a be q(30). Let v be a/(-7) - (10 - 13). What is the greatest common factor of 126 and v?
14
Let c = 382 - 357. Let u(q) = 2*q**2 - 26*q + 24. Let z be u(c). What is the highest common factor of 24 and z?
24
Let c(w) = -8*w - 135. Let i(t) = 25*t + 402. Let k(v) = -7*c(v) - 2*i(v). Let a be k(-21). What is the highest common divisor of a and 10?
5
Suppose -13*b + 27415 - 2234 = 0. Calculate the greatest common divisor of b and 745.
149
Suppose 514